a
In base 10, what is 112 - 3?
109
In base 6, what is -3214 + 3?
-3211
In base 5, what is 24 - -41?
120
In base 12, what is -6 + -2?
-8
In base 11, what is 6 + 6?
11
In base 4, what is 1223 + 1?
1230
In base 4, what is -11 + 31000?
30323
In base 5, what is -2 - -101202?
101200
In base 6, what is 30010 - -4?
30014
In base 10, what is -8 - -12?
4
In base 8, what is 72774 - -2?
72776
In base 3, what is 20 - 120020?
-120000
In base 16, what is 4 + -19?
-15
In base 8, what is 2137 + -3?
2134
In base 14, what is -6 + -3a?
-42
In base 11, what is -5 + -2448?
-2452
In base 5, what is -103 + -4?
-112
In base 9, what is -163 - -4?
-158
In base 11, what is 5 + 34?
39
In base 13, what is -5a - -2?
-58
In base 13, what is b - 35b?
-350
In base 6, what is -101 + 21?
-40
In base 14, what is -2774 - 5?
-2779
In base 9, what is 34 + -1?
33
In base 5, what is 4 + -401?
-342
In base 16, what is -27d5 - 4?
-27d9
In base 3, what is 1120012 - -22?
1120111
In base 12, what is -99 - -5?
-94
In base 13, what is 1 + -10?
-c
In base 13, what is -5 + -61?
-66
In base 10, what is 16 + 108?
124
In base 15, what is 3 + 13?
16
In base 8, what is 4 - -1004?
1010
In base 12, what is 229 + 0?
229
In base 12, what is 5 - 4?
1
In base 8, what is -51764 + 3?
-51761
In base 11, what is -53 + -42?
-95
In base 5, what is -11 + 0?
-11
In base 11, what is -37 + -1?
-38
In base 14, what is 1308 - -b?
1315
In base 10, what is 1456 - 3?
1453
In base 9, what is 1 - 65?
-64
In base 15, what is -4 - -37c?
378
In base 11, what is -5376 - 0?
-5376
In base 11, what is 4 - -246?
24a
In base 5, what is -40224 - 12?
-40241
In base 4, what is -31312 - 2?
-31320
In base 6, what is -122 + 0?
-122
In base 13, what is 0 - 8?
-8
In base 2, what is -10 - 11010?
-11100
In base 7, what is 2 + -1016?
-1014
In base 7, what is 4341 + -26?
4312
In base 5, what is 1 - -201224?
201230
In base 10, what is -102 + 2?
-100
In base 7, what is 5 - -340?
345
In base 14, what is 19 - 0?
19
In base 3, what is -12 + 2120002?
2112220
In base 5, what is 2 - 2200?
-2143
In base 5, what is 1012 - 2?
1010
In base 3, what is -1 + -11110?
-11111
In base 10, what is -27 - 9?
-36
In base 13, what is -38 + -138?
-173
In base 13, what is -26 + 18?
-b
In base 9, what is -2 + 1377?
1375
In base 2, what is -10000100000011 + 1?
-10000100000010
In base 5, what is -14 - 114?
-133
In base 16, what is -8 - 51?
-59
In base 15, what is -2 - 277?
-279
In base 9, what is -237 + 41?
-186
In base 12, what is 11 + -373?
-362
In base 9, what is 7 - 815?
-807
In base 10, what is 3 - 2577?
-2574
In base 7, what is -343 - -301?
-42
In base 16, what is -8 + 5a?
52
In base 3, what is 2 + -1120?
-1111
In base 11, what is 2 - -10?
12
In base 12, what is -17b2 + -1?
-17b3
In base 9, what is 236 + 3?
240
In base 6, what is -3525 - 34?
-4003
In base 12, what is 0 + 2a6?
2a6
In base 8, what is -1502 - -2?
-1500
In base 9, what is 2 + 82?
84
In base 7, what is -4 - -24302?
24265
In base 6, what is 12 + 23?
35
In base 15, what is -6 + 6?
0
In base 6, what is -21 + -20?
-41
In base 15, what is 3 + -2e?
-2b
In base 11, what is -7 - 781?
-788
In base 2, what is -10100000 - 1?
-10100001
In base 3, what is 100120 - -102?
100222
In base 5, what is 230 + 4?
234
In base 6, what is -4 - 52?
-100
In base 5, what is 121434 + 3?
121442
In base 2, what is 1100 + -110?
110
In base 9, what is 0 - -140?
140
In base 8, what is 27 - -26?
55
In base 5, what is 0 - -4114?
4114
In base 13, what is 87 - -4?
8b
In base 16, what is -e - -47?
39
In base 8, what is -172 + 0?
-172
In base 11, what is -35 + 174?
13a
In base 5, what is 223 - 131?
42
In base 5, what is 3141 + 10?
3201
In base 10, what is 140 + -4?
136
In base 15, what is 5 + 23d8?
23dd
In base 4, what is 231 + -101?
130
In base 4, what is -11 + -312221?
-312232
In base 16, what is -2 + 8a9?
8a7
In base 7, what is 464 - 43?
421
In base 13, what is -4 - -737?
733
In base 14, what is 13 + -726?
-713
In base 15, what is 7 + -3?
4
In base 10, what is -51 - 3?
-54
In base 5, what is 2 - 203?
-201
In base 3, what is 122110 - -11?
122121
In base 2, what is -1001111011 + 100?
-1001110111
In base 13, what is -89 + 3?
-86
In base 7, what is -3 + -1106?
-1112
In base 7, what is 0 + -1004?
-1004
In base 11, what is 265 + 4?
269
In base 13, what is 4 + 118?
11c
In base 9, what is -5 + -1?
-6
In base 13, what is -269 - -3?
-266
In base 9, what is 4 + -101?
-86
In base 12, what is -150b + -7?
-1516
In base 9, what is 105 + 8?
114
In base 16, what is 8b - 0?
8b
In base 9, what is -11 - -8?
-2
In base 2, what is -111 + 10100001?
10011010
In base 11, what is -135 - 5?
-13a
In base 13, what is -6 - 7?
-10
In base 15, what is 3e + 9b?
da
In base 9, what is 2244 + -5?
2238
In base 13, what is 321 - -1?
322
In base 13, what is 2a - -110?
13a
In base 12, what is 6 + -27?
-21
In base 7, what is 10061 - 1?
10060
In base 6, what is 20 - 3232?
-3212
In base 9, what is 3 - 31?
-27
In base 4, what is -11 + 11013?
11002
In base 14, what is 0 + 130?
130
In base 6, what is 2021 - 2?
2015
In base 4, what is -101101 - 2?
-101103
In base 4, what is -1022100 - -3?
-1022031
In base 11, what is 8 + -277?
-26a
In base 4, what is -11 + -1123?
-1200
In base 16, what is -13 - -36?
23
In base 6, what is -1 - -32?
31
In base 7, what is -210 + -20?
-230
In base 8, what is 0 - -4172?
4172
In base 14, what is -5 - -25db?
25d6
In base 4, what is -3 - 33011?
-33020
In base 11, what is -4 - -227a?
2276
In base 5, what is 1 + 434?
440
In base 6, what is -15415 - -3?
-15412
In base 13, what is 9 - 0?
9
In base 12, what is -98 + -1a?
-b6
In base 8, what is -222 - -2?
-220
In base 10, what is -4 - -35?
31
In base 14, what is -3 - 156d?
-1572
In base 7, what is 2 - -26?
31
In base 16, what is -aec - 4?
-af0
In base 5, what is -2120 + 104?
-2011
In base 12, what is 4 + 47?
4b
In base 7, what is -14 - -26?
12
In base 15, what is -3 - a3?
-a6
In base 7, what is 345 - -12?
360
In base 9, what is -3 - -2847?
2844
In base 15, what is 8 + -70?
-67
In base 9, what is 76 + -3?
73
In base 5, what is -2 + -1002?
-1004
In base 2, what is 100110 + 10?
101000
In base 10, what is -2 + -30?
-32
In base 2, what is 11 - -1110010?
1110101
In base 4, what is -12333 + 10?
-12323
In base 3, what is 10 - 120211?
-120201
In base 3, what is 210 + 111?
1021
In base 11, what is -5903 - -2?
-5901
In base 13, what is 6 + -352?
-349
In base 13, what is -46 + 22?
-24
In base 11, what is 4 - 24a?
-246
In base 13, what is -1 - -1a2?
1a1
In base 7, what is 6 + -5140?
-5131
In base 2, what is -1 - 0?
-1
In base 9, what is -63 - 22?
-85
In base 2, what is -10 - 10011011?
-10011101
In base 11, what is -56 - 72?
-118
In base 8, what is -111 - 1?
-112
In base 3, what is -12 + 212110?
212021
In base 14, what is 187 - 5?
182
In base 14, what is -4aa + -1?
-4ab
In base 5, what is -11 - -14?
3
In base 16, what is -45 + 2?
-43
In base 11, what is -1a2 + 3?
-19a
In base 11, what is 7 + 64?
70
In base 13, what is -3aca - -4?
-3ac6
In base 4, what is -1 + -130?
-131
In base 16, what is -19 + d?
-c
In base 11, what is -3297 - -3?
-3294
In base 2, what is 10 - 1011?
-1001
In base 10, what is -36 - 18?
-54
In base 11, what is 47 - -4?
50
In base 4, what is -133 + 0?
-133
In base 3, what is -21110 + -122?
-22002
In base 9, what is 1 + -1604?
-1603
In base 10, what is -26308 + 1?
-26307
In base 9, what is 22 - -2487?
2520
In base 4, what is 13103 + -103?
13000
In base 5, what is -10 + 1041?
1031
In base 13, what is 0 - -32?
32
In base 5, what is -1342 + 2?
-1340
In base 13, what is 128 + -12?
116
In base 12, what is -3 + 0?
-3
In base 13, what is 0 - 2072?
-2072
In base 13, what is -4 - -208?
204
In base 3, what is 0 + 21?
21
In base 11, what is 86 - 2?
84
In base 12, what is 3006 - 4?
3002
In base 15, what is 11 - 195?
-184
In base 15, what is 4 - -5db?
5e0
In base 12, what is 8 + 136?
142
In base 2, what is 101 - -1011001011?
1011010000
In base 10, what is -205 - -1?
-204
In base 14, what is -156 - -a?
-14a
In base 14, what is 0 + b?
b
In base 11, what is -3861 - 0?
-3861
In base 13, what is c + -534?
-525
In base 3, what is 2 - -220021?
220100
In base 11, what is 4377 - -5?
4381
In base 10, what is -12503 + 3?
-12500
In base 3, what is -111212 + 12?
-111200
In base 11, what is 0 - 116?
-116
In base 3, what is -12020222 + 